1247
List the prime factors of 597870.
2, 3, 5, 7, 13, 73
List the prime factors of 2021946.
2, 3, 17, 43, 461
List the prime factors of 568313.
29, 19597
List the prime factors of 134459.
13, 10343
List the prime factors of 203265.
3, 5, 4517
List the prime factors of 619357.
661, 937
What are the prime factors of 7420273?
7, 1060039
What are the prime factors of 1109985?
3, 5, 73999
What are the prime factors of 822685?
5, 137, 1201
List the prime factors of 3983662.
2, 1301, 1531
List the prime factors of 1119188.
2, 7, 39971
What are the prime factors of 151798?
2, 71, 1069
List the prime factors of 921576.
2, 3, 19, 43, 47
List the prime factors of 1400838.
2, 3, 23, 10151
List the prime factors of 1929146.
2, 19, 50767
What are the prime factors of 7561750?
2, 5, 7, 29, 149
List the prime factors of 952452.
2, 3, 8819
What are the prime factors of 883780?
2, 5, 44189
List the prime factors of 377690.
2, 5, 179, 211
What are the prime factors of 2457035?
5, 7, 70201
What are the prime factors of 447133?
447133
List the prime factors of 23923372.
2, 11, 543713
List the prime factors of 1082525.
5, 19, 43, 53
List the prime factors of 7031685.
3, 5, 547, 857
List the prime factors of 1572497.
19, 82763
What are the prime factors of 10730910?
2, 3, 5, 17, 53, 397
List the prime factors of 407728.
2, 17, 1499
What are the prime factors of 15087213?
3, 347, 4831
List the prime factors of 280673.
280673
What are the prime factors of 247170?
2, 3, 5, 7, 11, 107
What are the prime factors of 168600?
2, 3, 5, 281
List the prime factors of 2486599.
23, 73, 1481
What are the prime factors of 396466?
2, 7, 28319
List the prime factors of 128259.
3, 14251
List the prime factors of 113147.
113147
What are the prime factors of 1032710?
2, 5, 7, 14753
What are the prime factors of 11758358?
2, 157, 37447
List the prime factors of 179402.
2, 271, 331
What are the prime factors of 10291985?
5, 11, 187127
List the prime factors of 151993.
31, 4903
List the prime factors of 3573091.
31, 79, 1459
What are the prime factors of 475452?
2, 3, 47, 281
List the prime factors of 325981.
181, 1801
What are the prime factors of 3213771?
3, 11, 97387
What are the prime factors of 602251?
13, 46327
List the prime factors of 94152.
2, 3, 3923
List the prime factors of 10153421.
631, 16091
List the prime factors of 479092.
2, 119773
List the prime factors of 656470.
2, 5, 65647
List the prime factors of 22291157.
7, 43, 103, 719
List the prime factors of 1551375.
3, 5, 7, 197
List the prime factors of 3236704.
2, 41, 2467
What are the prime factors of 449759?
449759
List the prime factors of 5587263.
3, 11, 56437
List the prime factors of 499054.
2, 19, 23, 571
List the prime factors of 17669236.
2, 13, 29, 11717
What are the prime factors of 33350?
2, 5, 23, 29
What are the prime factors of 26094?
2, 3, 4349
List the prime factors of 138681.
3, 19, 811
What are the prime factors of 1783516?
2, 7, 63697
What are the prime factors of 308498?
2, 73, 2113
List the prime factors of 1218916.
2, 304729
List the prime factors of 1812618.
2, 3, 67, 167
What are the prime factors of 4540634?
2, 7, 6619
What are the prime factors of 907524?
2, 3, 2801
List the prime factors of 950745.
3, 5, 241, 263
What are the prime factors of 31149057?
3, 1753, 5923
List the prime factors of 6294157.
23, 131, 2089
What are the prime factors of 959267?
959267
List the prime factors of 13483827.
3, 7, 7927
List the prime factors of 684613.
359, 1907
List the prime factors of 3687538.
2, 17, 108457
List the prime factors of 1465870.
2, 5, 7, 43, 487
What are the prime factors of 5117596?
2, 11, 107, 1087
List the prime factors of 7423286.
2, 13, 53, 5387
What are the prime factors of 1743339?
3, 13, 44701
What are the prime factors of 2670045?
3, 5, 7, 59, 431
List the prime factors of 14056370.
2, 5, 1405637
List the prime factors of 27498.
2, 3, 4583
List the prime factors of 1226788.
2, 17, 18041
List the prime factors of 70768.
2, 4423
What are the prime factors of 143751?
3, 47917
List the prime factors of 172314.
2, 3, 3191
What are the prime factors of 7178901?
3, 2392967
What are the prime factors of 3363235?
5, 61, 11027
What are the prime factors of 194393?
349, 557
List the prime factors of 91890.
2, 3, 5, 1021
What are the prime factors of 2843154?
2, 3, 37, 1423
List the prime factors of 213142.
2, 19, 71, 79
What are the prime factors of 131620?
2, 5, 6581
List the prime factors of 27383622.
2, 3, 7, 353, 1847
What are the prime factors of 232778?
2, 7, 13, 1279
What are the prime factors of 3273702?
2, 3, 545617
What are the prime factors of 80439?
3, 26813
List the prime factors of 8590981.
7, 167, 7349
What are the prime factors of 773671?
853, 907
List the prime factors of 480438.
2, 3, 7, 31, 41
What are the prime factors of 256141?
67, 3823
What are the prime factors of 6083632?
2, 79, 4813
What are the prime factors of 419273?
19, 22067
List the prime factors of 14499652.
2, 29, 239, 523
What are the prime factors of 84244?
2, 21061
What are the prime factors of 28571301?
3, 11, 41, 7039
List the prime factors of 282557.
11, 17, 1511
What are the prime factors of 3287631?
3, 509, 2153
List the prime factors of 591270.
2, 3, 5, 19709
What are the prime factors of 1465223?
19, 67, 1151
What are the prime factors of 160492?
2, 40123
What are the prime factors of 260464?
2, 73, 223
What are the prime factors of 15450761?
15450761
What are the prime factors of 547477?
7, 11173
What are the prime factors of 65198?
2, 7, 4657
What are the prime factors of 308425?
5, 13, 73
What are the prime factors of 5437371?
3, 1812457
What are the prime factors of 2294393?
29, 61, 1297
What are the prime factors of 204881?
211, 971
What are the prime factors of 1501586?
2, 677, 1109
What are the prime factors of 3873411?
3, 47, 9157
List the prime factors of 138282.
2, 3, 19, 1213
What are the prime factors of 4046717?
191, 21187
What are the prime factors of 14481293?
439, 32987
What are the prime factors of 1713044?
2, 109, 3929
What are the prime factors of 812476?
2, 7, 29017
List the prime factors of 3580300.
2, 5, 35803
List the prime factors of 118069.
7, 101, 167
List the prime factors of 260022.
2, 3, 7, 41, 151
What are the prime factors of 378701?
43, 8807
What are the prime factors of 3219277?
1321, 2437
What are the prime factors of 3381159?
3, 1009, 1117
List the prime factors of 130530.
2, 3, 5, 19, 229
What are the prime factors of 4573013?
479, 9547
List the prime factors of 3526077.
3, 19, 61861
What are the prime factors of 564295?
5, 112859
List the prime factors of 255280.
2, 5, 3191
List the prime factors of 8631032.
2, 1078879
List the prime factors of 100107.
3, 7, 227
List the prime factors of 943420.
2, 5, 43, 1097
List the prime factors of 1024286.
2, 521, 983
List the prime factors of 999742.
2, 19, 26309
List the prime factors of 615743.
615743
What are the prime factors of 3687392?
2, 139, 829
List the prime factors of 20365479.
3, 41, 18397
List the prime factors of 140006.
2, 70003
What are the prime factors of 17585035?
5, 13, 270539
List the prime factors of 706094.
2, 353047
What are the prime factors of 1120705?
5, 29, 59, 131
List the prime factors of 668113.
727, 919
List the prime factors of 923911.
29, 31859
What are the prime factors of 291714?
2, 3, 48619
List the prime factors of 508069.
61, 8329
List the prime factors of 338520.
2, 3, 5, 7, 13, 31
What are the prime factors of 85008?
2, 3, 7, 11, 23
List the prime factors of 215293.
13, 16561
List the prime factors of 881583.
3, 293861
What are the prime factors of 901076?
2, 11, 20479
List the prime factors of 363635.
5, 72727
What are the prime factors of 71692?
2, 17923
List the prime factors of 9501947.
7, 13, 104417
List the prime factors of 318416.
2, 7, 2843
List the prime factors of 505569.
3, 168523
What are the prime factors of 1291548?
2, 3, 43, 2503
What are the prime factors of 38669?
38669
What are the prime factors of 320451?
3, 223, 479
List the prime factors of 7239858.
2, 3, 17, 70979
What are the prime factors of 91496?
2, 11437
List the prime factors of 6846968.
2, 191, 4481
What are the prime factors of 81730?
2, 5, 11, 743
What are the prime factors of 27485687?
863, 31849
Lis